{"id":1183,"date":"2024-02-23T15:32:02","date_gmt":"2024-02-23T15:32:02","guid":{"rendered":"https:\/\/chuyende.sdb.vn\/?page_id=1183"},"modified":"2024-02-24T02:43:23","modified_gmt":"2024-02-24T02:43:23","slug":"gioi-thieu-thieu","status":"publish","type":"page","link":"https:\/\/chuyende.sdb.vn\/index.php\/gioi-thieu-thieu\/","title":{"rendered":"TagDiv Composer Draft"},"content":{"rendered":"<div id=\"tdi_1\" class=\"tdc-zone\"><div class=\"tdc_zone tdi_2  wpb_row td-pb-row\"  >\n<style scoped>\n\/* custom css - generated by TagDiv Composer *\/\n\n\/* custom css - generated by TagDiv Composer *\/\n.tdi_2{\r\n                    min-height: 0;\r\n                }\n<\/style><div id=\"tdi_3\" class=\"tdc-row\"><div class=\"vc_row tdi_4  wpb_row td-pb-row\" >\n<style scoped>\n\/* custom css - generated by TagDiv Composer *\/\n\n\/* custom css - generated by TagDiv Composer *\/\n.tdi_4,\r\n                .tdi_4 .tdc-columns{\r\n                    min-height: 0;\r\n                }.tdi_4,\r\n\t\t\t\t.tdi_4 .tdc-columns{\r\n\t\t\t\t    display: block;\r\n\t\t\t\t}.tdi_4 .tdc-columns{\r\n\t\t\t\t    width: 100%;\r\n\t\t\t\t}.tdi_4:before,\r\n\t\t\t\t.tdi_4:after{\r\n\t\t\t\t    display: table;\r\n\t\t\t\t}\n<\/style><div class=\"vc_column tdi_6  wpb_column vc_column_container tdc-column td-pb-span12\">\n<style scoped>\n\/* custom css - generated by TagDiv Composer *\/\n\n\/* custom css - generated by TagDiv Composer *\/\n.tdi_6{\r\n                    vertical-align: baseline;\r\n                }.tdi_6 > .wpb_wrapper,\r\n\t\t\t\t.tdi_6 > .wpb_wrapper > .tdc-elements{\r\n\t\t\t\t    display: block;\r\n\t\t\t\t}.tdi_6 > .wpb_wrapper > .tdc-elements{\r\n\t\t\t\t    width: 100%;\r\n\t\t\t\t}.tdi_6 > .wpb_wrapper > .vc_row_inner{\r\n\t\t\t\t    width: auto;\r\n\t\t\t\t}.tdi_6 > .wpb_wrapper{\r\n\t\t\t\t    width: auto;\r\n\t\t\t\t    height: auto;\r\n\t\t\t\t}\n<\/style><div class=\"wpb_wrapper\" ><\/div><\/div><\/div><\/div><div id=\"tdi_7\" class=\"tdc-row stretch_row_1200 td-stretch-content\"><div class=\"vc_row tdi_8  wpb_row td-pb-row\" >\n<style scoped>\n\/* custom css - generated by TagDiv Composer *\/\n\n\/* custom css - generated by TagDiv Composer *\/\n.tdi_8,\r\n                .tdi_8 .tdc-columns{\r\n                    min-height: 0;\r\n                }.tdi_8,\r\n\t\t\t\t.tdi_8 .tdc-columns{\r\n\t\t\t\t    display: block;\r\n\t\t\t\t}.tdi_8 .tdc-columns{\r\n\t\t\t\t    width: 100%;\r\n\t\t\t\t}.tdi_8:before,\r\n\t\t\t\t.tdi_8:after{\r\n\t\t\t\t    display: table;\r\n\t\t\t\t}\n<\/style><div class=\"vc_column tdi_10  wpb_column vc_column_container tdc-column td-pb-span12\">\n<style scoped>\n\/* custom css - generated by TagDiv Composer *\/\n\n\/* custom css - generated by TagDiv Composer *\/\n.tdi_10{\r\n                    vertical-align: baseline;\r\n                }.tdi_10 > .wpb_wrapper,\r\n\t\t\t\t.tdi_10 > .wpb_wrapper > .tdc-elements{\r\n\t\t\t\t    display: block;\r\n\t\t\t\t}.tdi_10 > .wpb_wrapper > .tdc-elements{\r\n\t\t\t\t    width: 100%;\r\n\t\t\t\t}.tdi_10 > .wpb_wrapper > .vc_row_inner{\r\n\t\t\t\t    width: auto;\r\n\t\t\t\t}.tdi_10 > .wpb_wrapper{\r\n\t\t\t\t    width: auto;\r\n\t\t\t\t    height: auto;\r\n\t\t\t\t}\n<\/style><div class=\"wpb_wrapper\" ><div class=\"tdm_block td_block_wrap tdm_block_fancy_text_image tdi_11 td_block_fancy_text tdm-layout-13-23 tdm-content-horiz-center tdm-content-vert-center td-pb-border-top td_block_template_1 tdm-mobile-full\"  data-td-block-uid=\"tdi_11\" >\n<style>\n\n\/* inline tdc_css att - generated by TagDiv Composer *\/\n\n.tdi_11{\nmargin-top:30px !important;\n}\n\n<\/style>\n<style>\n\/* custom css - generated by TagDiv Composer *\/\n.td_block_fancy_text .tdm-fancy-title{\r\n                  font-family: var(--td_default_google_font_2, 'Roboto', sans-serif);\r\n                  font-size: 155px;\r\n                  font-weight: bold;\r\n                  line-height: 106px;\r\n                  letter-spacing: -8px;\r\n                  margin-top: -5px;\r\n                  margin-bottom: -60px;\r\n                }.td_block_fancy_text .tdm-fancy-title span{\r\n                  display: block;\r\n                  word-break: break-word;\r\n                  padding: 10px 10px 47px 0;\r\n                }.td_block_fancy_text .tdm-fancy-title1{\r\n                  color: #333;\r\n                }.td_block_fancy_text .tdm-fancy-title2{\r\n                  color: #fff;\r\n                  text-shadow: 2px 8px 27px rgba(0, 0, 0, 0.1);\r\n                  top: -60px;\r\n                  position: relative;\r\n                }.td_block_fancy_text .tdm-btn{\r\n                  margin-top: 10px;\r\n                  margin-bottom: 10px;\r\n                }.td_block_fancy_text.tdm-content-horiz-center .tdm-fancy-title span{\r\n                  margin: 0 auto;\r\n                }.td_block_fancy_text.tdm-content-horiz-right .tdm-fancy-title span{\r\n                  margin-left: auto;\r\n                }body .tdi_11 .tdm-fancy-title1{\r\n\t\t\t\t\tcolor: var(--accent-color-1);\r\n\t\t\t\t}.tdi_11 .tdm-descr{\r\n\t\t\t\t    color: var(--base-color-1);\r\n\t\t\t\t\r\n\t\t\t\t\tfont-family: var(--global-font-1) !important;font-size:17px !important;font-weight:800 !important;text-transform:capitalize !important;\r\n\t\t\t\t}.tdi_11 .tdm-fancy-title1{\r\n\t\t\t\t\tfont-family: var(--global-font-1) !important;font-size:60px !important;letter-spacing:1px !important;\r\n\t\t\t\t}.tdi_11 .tdm-fancy-title2{\r\n\t\t\t\t\tfont-family: var(--global-font-3) !important;\r\n\t\t\t\t}@media (min-width: 1019px) and (max-width: 1140px) {\r\n                  .td_block_fancy_text .tdm-fancy-title {\r\n                    font-size: 120px;\r\n                    line-height: 80px;\r\n                    letter-spacing: -6px;\r\n                  }\r\n                }@media (min-width: 768px) and (max-width: 1018px) {\r\n                  .td_block_fancy_text .tdm-fancy-title {\r\n                    font-size: 98px;\r\n                    line-height: 70px;\r\n                    letter-spacing: -4px;\r\n                  }\r\n                }@media (max-width: 767px) {\r\n                  .td_block_fancy_text .tdm-fancy-title {\r\n                    font-size: 72px;\r\n                    line-height: 44px;\r\n                    letter-spacing: -4px;\r\n                    margin-top: 40px;\r\n                    margin-bottom: -76px;\r\n                  }\r\n                }@media (max-width: 767px) {\r\n                  .td_block_fancy_text.tdm-flip-yes .tdm-fancy-title,\r\n                  .td_block_fancy_text.tdm-flip-yes .tdm-image {\r\n                    margin-top: 30px;\r\n                  }\r\n                }\n<\/style><div class=\"td-block-width\"><div class=\"td-block-row tdm-row td-fix-index\"><div class=\"td-block-span5 tdm-col tdm-col-img\"><img loading=\"lazy\" decoding=\"async\" class=\"tdm-image\" src=\"https:\/\/chuyende.sdb.vn\/wp-content\/uploads\/2024\/02\/8582426b275d8a03d34c.jpg\" width=\"1280\" height=\"1138\" title=\"GI\u1edaI THI\u1ec6U\"><\/div><div class=\"td-block-span7 tdm-col\"><div class=\"tdm-text-wrap tdm-text-padding\"><h3 class=\"tdm-fancy-title\"><span class=\"tdm-fancy-title1\">GI\u1edaI THI\u1ec6U<\/span><span class=\"tdm-fancy-title2\"><\/span><\/h3><p class=\"tdm-descr\">Chuy\u00ean \u0111\u1ec1 Don Bosco l\u00e0 t\u1edd b\u00e1o gi\u00e1o d\u1ee5c d\u00e0nh cho m\u1ecdi gia \u0111\u00ecnh v\u00e0 ng\u01b0\u1eddi tr\u1ebb, th\u1ec3 hi\u1ec7n quan \u0111i\u1ec3m c\u1ee7a Gi\u00e1o h\u1ed9i, Tu H\u1ed9i Sal\u00eadi\u00eang v\u00e0 c\u00e1c nh\u00e0 gi\u00e1o d\u1ee5c. T\u1edd b\u00e1o n\u00e0y ti\u1ec1n th\u00e2n l\u00e0 B\u00e1o Huynh \u0110\u1ec7 Don Bosco, \u0111\u01b0\u1ee3c ph\u00e2n ph\u1ed1i trong c\u1ed9ng \u0111o\u00e0n Sal\u00eadi\u00eang nh\u01b0ng sau m\u1edf r\u1ed9ng ra c\u00e1c tr\u01b0\u1eddng h\u1ecdc, tr\u01b0\u1eddng ngh\u1ec1 v\u00e0 c\u1ed9ng \u0111o\u00e0n kh\u00e1c. V\u1edbi s\u1ef1 ph\u00e1t tri\u1ec3n c\u1ee7a D\u00f2ng Sal\u00eadi\u00eang, t\u1edd b\u00e1o \u0111\u00e3 \u0111\u01b0\u1ee3c t\u00e1i thi\u1ebft k\u1ebf v\u00e0 s\u1ea3n xu\u1ea5t \u0111a d\u1ea1ng h\u01a1n. \u0110\u00e1p \u1ee9ng nhu c\u1ea7u c\u1ee7a th\u1eddi \u0111\u1ea1i, Chuy\u00ean \u0111\u1ec1 kh\u00f4ng ch\u1ec9 in \u1ea5n tr\u00ean b\u00e1o gi\u1ea5y m\u00e0 c\u00f2n c\u00f3 m\u1eb7t tr\u00ean m\u1ea1ng v\u1edbi trang web ch\u00ednh th\u1ee9c, gi\u00fap k\u1ebft n\u1ed1i gi\u1eefa ng\u01b0\u1eddi y\u00eau b\u00e1o gi\u1ea5y v\u00e0 b\u00e1o \u0111i\u1ec7n t\u1eed. Website n\u00e0y \u0111\u0103ng t\u1ea3i n\u1ed9i dung t\u1eeb c\u00e1c s\u1ed1 c\u0169 \u0111\u1ebfn m\u1edbi, lan t\u1ecfa tinh th\u1ea7n gi\u00e1o d\u1ee5c v\u00e0 ni\u1ec1m tin cho m\u1ecdi ng\u01b0\u1eddi, \u0111\u1eb7c bi\u1ec7t l\u00e0 ng\u01b0\u1eddi tr\u1ebb.<\/p><\/div><\/div><\/div><\/div><\/div><\/div><\/div><\/div><\/div><\/div><\/div>","protected":false},"excerpt":{"rendered":"","protected":false},"author":1,"featured_media":0,"parent":0,"menu_order":0,"comment_status":"closed","ping_status":"closed","template":"","meta":{"_acf_changed":false,"footnotes":""},"class_list":["post-1183","page","type-page","status-publish"],"acf":[],"ams_acf":[],"jetpack_sharing_enabled":true,"amp_enabled":true,"rttpg_featured_image_url":null,"rttpg_author":{"display_name":"nguyentridungsdb","author_link":"https:\/\/chuyende.sdb.vn\/index.php\/author\/nguyentridungsdb\/"},"rttpg_comment":0,"rttpg_category":null,"rttpg_excerpt":null,"_links":{"self":[{"href":"https:\/\/chuyende.sdb.vn\/index.php\/wp-json\/wp\/v2\/pages\/1183","targetHints":{"allow":["GET"]}}],"collection":[{"href":"https:\/\/chuyende.sdb.vn\/index.php\/wp-json\/wp\/v2\/pages"}],"about":[{"href":"https:\/\/chuyende.sdb.vn\/index.php\/wp-json\/wp\/v2\/types\/page"}],"author":[{"embeddable":true,"href":"https:\/\/chuyende.sdb.vn\/index.php\/wp-json\/wp\/v2\/users\/1"}],"replies":[{"embeddable":true,"href":"https:\/\/chuyende.sdb.vn\/index.php\/wp-json\/wp\/v2\/comments?post=1183"}],"version-history":[{"count":19,"href":"https:\/\/chuyende.sdb.vn\/index.php\/wp-json\/wp\/v2\/pages\/1183\/revisions"}],"predecessor-version":[{"id":1225,"href":"https:\/\/chuyende.sdb.vn\/index.php\/wp-json\/wp\/v2\/pages\/1183\/revisions\/1225"}],"wp:attachment":[{"href":"https:\/\/chuyende.sdb.vn\/index.php\/wp-json\/wp\/v2\/media?parent=1183"}],"curies":[{"name":"wp","href":"https:\/\/api.w.org\/{rel}","templated":true}]}}